 g composite?
True
Let i be (-4 - -3)/(3/(-108)). Is 290070/i + 3/2 composite?
False
Let w(h) = 5 - 416*h**3 - 4*h**2 + 4*h + h**2 - 63*h**3 + 32*h**3. Is w(-1) a composite number?
True
Let c be -1*10*(-51 + 1). Let h be (1 + -3)/(-7 - (-366)/54). Suppose c = r + h. Is r prime?
True
Suppose -62*b - 67734 = -197872. Is b a prime number?
True
Let q be (-19 + 20)*(980 - 1). Let g = 1862 - q. Suppose 7*w - 3*r + g = 8*w, -w + 2*r = -893. Is w a prime number?
False
Let v(b) = 27554*b**2 - 28*b - 20. Is v(3) composite?
True
Let b(w) be the first derivative of -w**4/4 + 13*w**3/3 - 4*w**2 + 5*w + 1. Let f = -466 - -478. Is b(f) prime?
True
Let k be 1*-2 + 0 + -3 + -140. Let x = -142 - k. Suppose -4*q - 9239 = -4*i + 10909, -q + 15095 = x*i. Is i a prime number?
False
Suppose -17*r - 7 = -58. Suppose -y + 4653 = 2*g, -r*y - 345 = -g + 1978. Is g a composite number?
True
Let f = -90949 + 152202. Is f composite?
False
Let b(a) = 38*a**3 - 25*a**2 + 48*a - 11. Is b(8) a prime number?
True
Let d = 347901 - 247298. Is d a prime number?
False
Suppose -47*q = 599389 - 6348852. Is q a prime number?
False
Suppose -3*f - 36074 + 1075645 = -t, -3*f - 4*t + 1039561 = 0. Is f a composite number?
True
Let p(q) = 654*q + 2201. Is p(37) composite?
False
Suppose -9*r + 2*r - 56 = 0. Let p be (-42)/(-35) + r/(-10). Suppose -4*g - o = -1693, 3*g = -0*o - p*o + 1276. Is g a composite number?
True
Let p(g) = 123*g + 184*g + 12 + 17 - 35. Let h be p(3). Let n = h - 106. Is n composite?
False
Let q = -77 + 72. Let k be q*1/(-20) + (-5)/4. Let b(l) = -563*l**3 - l**2 + l + 2. Is b(k) a composite number?
False
Suppose 5 = 3*o + 5*w + 24, -26 = -3*o + 4*w. Suppose 46675 = 4*t + 3*m, o*m - 3*m + 58330 = 5*t. Is t composite?
True
Let z(g) = 543*g + 995. Is z(36) a composite number?
False
Let r(y) = 400*y - 4. Let z be r(-1). Let a = -17 + 94. Let l = a - z. Is l a prime number?
False
Suppose -3*r - 4*x + 1364217 = 0, -3*r - 3*x + 549324 = -814890. Is r prime?
False
Suppose -x + 32 = x + 4*b, 0 = -4*x + 5*b - 1. Suppose -5*i + m + 211 = 0, -4*i + 165 = -3*m + x*m. Is ((0 - 0) + -1 - i)*-1 a composite number?
False
Let p be (-9)/(-5)*(-110)/(-66). Let a(w) = 102*w**3 + 2*w**2 + 4*w + 3. Is a(p) prime?
False
Let w = -1406 - -2045. Suppose 0 = -17*n + 20*n + w. Let u = n - -302. Is u a prime number?
True
Let u = 2 - 5. Let l = 1623 + u. Suppose -9*p = -l - 1737. Is p prime?
True
Suppose 5 - 35 = 15*k. Let w(n) = -125*n**3 - n**2 + 2*n - 1. Is w(k) a prime number?
True
Suppose -2*h = 4*q - 388290, 4*h - 168109 = -3*q + 123106. Is q composite?
False
Let q be (-5 + 75/10)*168/20. Suppose 27295 + 1286 = q*v. Is v a composite number?
False
Is 2768841*68/2754 - (-8)/(-18) a prime number?
False
Suppose 149*h - 40542081 = -118*h. Is h a prime number?
False
Suppose -18*i - 2*i + 43560 = 0. Let u = 4085 - i. Is u a composite number?
False
Suppose 566*t - 632*t = -1422762. Is t composite?
False
Let x = -1401 + 10450. Is x a prime number?
True
Let z(g) = g**3 - 388*g + 43. Is z(56) prime?
False
Suppose 137235 = 37*n - 34*n - 4*w, -5*w = 30. Is n a prime number?
True
Let u = 32 - -283. Suppose -10*k + 13*k - u = 0. Suppose c = 214 + k. Is c a prime number?
False
Suppose 15323 - 88780 = -29*y. Is y a prime number?
False
Suppose -4*a = 3*q + 1508 - 199, 2*q = -3*a - 983. Let i = a - -666. Is i prime?
False
Let r = 42 + -28. Let c(p) = -2*p**2 - 1 - 10*p**2 + 26 + p**3 + 22 - 13*p. Is c(r) a composite number?
False
Suppose 0*x - 35*x + 5313502 = 3*x. Is x composite?
True
Let a(b) = -b**3 + 18*b**2 - 17*b - 3. Let j be a(17). Is j/2*2362/(-3) prime?
True
Suppose -7*o + 19736 + 18879 - 11266 = 0. Is o prime?
True
Let l be -1*(1 - 27) - (-264)/(-66). Suppose 16*r + 7662 = l*r. Is r a prime number?
True
Let n(k) = k**2 + 13*k + 22. Let s be n(-11). Suppose s*i = 2*i - 9262. Is i composite?
True
Let j be 2/((-65968)/(-32982) + -2). Let m be (-5 - (-4)/((-32)/(-70)))*28/21. Suppose -s + t = -3300, -t = -m*s - 5*t + j. Is s composite?
False
Suppose 4*l - 2*l - 8 = 0. Let r(f) = 6*f**3 + 14*f**2 + 9*f - 8. Let z(a) = -2*a**3 - 5*a**2 - 3*a + 3. Let v(b) = 4*r(b) + 11*z(b). Is v(l) composite?
False
Let z = -257 + 275. Suppose -1573 = -z*q + 61373. Is q prime?
False
Let q(s) = -68*s**2 + s - 5. Let p be q(3). Let b = p - -366. Let h = -91 - b. Is h a prime number?
True
Suppose -7*o + 20 = -1. Let m be ((-1 - o) + 1)*50/(-30). Suppose 974 = l - z, -1957 = -l - l + m*z. Is l composite?
False
Let t be 4/(-18) - (-21)/(189/38). Is 2/t*(7 + (-62284)/(-4)) a composite number?
False
Let n be (-20)/(-5) + 1 + (2 - -4938). Let x = -2391 + n. Is x a prime number?
False
Suppose -104 = -3*i + 4*k, -4*i - 2*k + 97 = k. Let p = 108 - 101. Suppose -i - 19873 = -p*a. Is a composite?
False
Let t be (18 - -2)*(-11)/((-165)/18). Suppose 22*g = 20*g - t. Is (15/g)/(1/(-44)) a prime number?
False
Suppose -k + 5*m + 5 = 0, 2*k + 4*m + 0 - 10 = 0. Suppose 2*i - 12 = -d, -3 = -k*i + 2*d + 9. Suppose -i*n + l + 75 + 414 = 0, 0 = -4*n - l + 495. Is n prime?
False
Is (-1552768)/(-608) + 4/38 a composite number?
True
Let d(u) = u**2 - u - 27. Let z be d(6). Is (473 - -5)*10*z/12 composite?
True
Suppose 0 = -5*c - 61*v + 62*v + 35150, 4*v - 35175 = -5*c. Is c prime?
False
Is 40/16 + 3/((-6)/(-778649)) a composite number?
True
Let c be (8/12)/(8/(-2292)). Let j = -111 - c. Let s = j + 59. Is s composite?
False
Suppose 1179*m = 1177*m + 5519606. Is m composite?
False
Let u(g) = -64*g**3 - 13*g**2 - 20*g + 35. Let k be u(15). Is (2/4)/((-23)/k) prime?
False
Is -3 + 21*147416/24 + (2 - 7) a composite number?
False
Let m(d) = -2726*d + 12787. Is m(-86) prime?
True
Suppose -3*n - 18 = -0. Let a(p) = -9*p**3 + 8*p**2 + 10*p - 17. Let v(i) = -7*i**3 + 8*i**2 + 9*i - 15. Let f(h) = 5*a(h) - 6*v(h). Is f(n) a composite number?
False
Let u(f) = -4 - 28 - 4 + 226*f. Let k(g) = -g**2 + 34*g - 233. Let c be k(24). Is u(c) a prime number?
False
Let n be 20*(48/(-3))/4*1. Let j = n - -82. Suppose 643 = 2*f - f - j*g, 5*g + 2560 = 4*f. Is f composite?
True
Let s(n) = 14402*n + 4137. Is s(11) a composite number?
True
Let v = -131323 - -230767. Suppose -61896 = -12*c + v. Is c prime?
False
Suppose -2*f - 9*u - 6 = -11*u, 2*f = 3*u - 8. Is (-5)/2*2*f + 29004 a composite number?
False
Let m(f) = 70*f**3 + 2*f**2 - 3*f + 2. Let p be m(1). Suppose -78*i + p*i + 8939 = 0. Is i a composite number?
False
Suppose 0 = 3*k - 3762 - 1863. Let w = 302 + k. Is w prime?
False
Let l = -7 + -320. Let k = -196 - l. Is k composite?
False
Let i = 182027 - 105690. Is i a prime number?
False
Let c(i) = 2081*i**2 - 20*i - 22. Is c(-5) a prime number?
True
Suppose -2*l = 4*l - 570. Suppose -l = 4*p + 9. Is ((-71)/(-2))/((-13)/p) a prime number?
True
Let u(v) be the first derivative of -55*v**2/2 - 63*v + 154. Is u(-8) prime?
False
Suppose 0 = 57*b + 5911204 - 17351161. Is b a composite number?
True
Suppose -4*q + 8*z + 12 = 6*z, 0 = 5*q - 4*z - 18. Suppose 5*s + 2*a + 34 = 843, -2*a = -s + 169. Suppose s + 15 = q*v. Is v a composite number?
False
Let i = 434701 + -86624. Is i a composite number?
False
Let a(u) = 15*u - 1802. Let z(k) = -36*k + 3603. Let r(n) = 5*a(n) + 3*z(n). Is r(0) composite?
True
Suppose 0 = -12*x + 29555 + 146641. Is x a prime number?
True
Suppose 4*x + 0*j - 6 = 3*j, 6 = 3*j. Suppose 4*d - 13*h + 8*h - 29269 = 0, x*h = -2*d + 14607. Is d a composite number?
True
Is 0 + (-197659 + -3)/(-2) composite?
True
Is 3 + 69650/4 - (-66)/44 a prime number?
True
Is (-5 - (-26)/4)*(-2242288)/(-24) a prime number?
True
Let a = 4129 + 72. Is a a prime number?
True
Let p be -702 - 1*5/(-5). Let l be 66884/(-46)*(-3 + (2 - 0)). Let x = l - p. Is x composite?
True
Suppose -66*w - 111 = -243. Let f be 1/3 + 49317/9. Suppose 2*n - 4113 = -3*g, w*n = -4*g - 2*n + f. Is g a composite number?
False
Suppose 0 = 6*o - 51454 - 10016. Let a = 27 + -14. Suppose 2*h = -a*h + o. Is h prime?
True
Suppose 85*u - 11675273 = -80*u - 112*u. Is u a prime number?
False
Let d = -124 - -134. Suppose -8*w + 10592 = -d*w. Let l = -2883 - w. Is l a composite number?
True
Let m(s) = 6*s**2 - s + 16. Let t be ((-1)/5)/((-13)/1235). Suppose -t = 7*z - 68. Is m(z) a composite number?
True
Let s(p) = -6721*p**3 + 11*p**2 + 25*p - 12. Is s(-3) composite?
True
Suppose 0 = 19*o - 18*o + 5*s + 13, 5*